{"id":4815,"date":"2023-10-16T08:49:46","date_gmt":"2023-10-16T08:49:46","guid":{"rendered":"https:\/\/stichtingbuitengewoonbaarle.eu\/?page_id=4815"},"modified":"2025-11-23T13:12:07","modified_gmt":"2025-11-23T12:12:07","slug":"de-stichting","status":"publish","type":"page","link":"https:\/\/stichtingbuitengewoonbaarle.eu\/?page_id=4815","title":{"rendered":"De stichting"},"content":{"rendered":"\t\t<div data-elementor-type=\"wp-page\" data-elementor-id=\"4815\" class=\"elementor elementor-4815\">\n\t\t\t\t<div class=\"elementor-element elementor-element-7aa9d9a e-flex e-con-boxed e-con e-parent\" data-id=\"7aa9d9a\" data-element_type=\"container\">\n\t\t\t\t\t<div class=\"e-con-inner\">\n\t\t\t\t<div class=\"elementor-element elementor-element-4efeec9 elementor-widget elementor-widget-text-editor\" data-id=\"4efeec9\" data-element_type=\"widget\" data-widget_type=\"text-editor.default\">\n\t\t\t\t<div class=\"elementor-widget-container\">\n\t\t\t<style>\/*! elementor - v3.22.0 - 26-06-2024 *\/\n.elementor-widget-text-editor.elementor-drop-cap-view-stacked .elementor-drop-cap{background-color:#69727d;color:#fff}.elementor-widget-text-editor.elementor-drop-cap-view-framed .elementor-drop-cap{color:#69727d;border:3px solid;background-color:transparent}.elementor-widget-text-editor:not(.elementor-drop-cap-view-default) .elementor-drop-cap{margin-top:8px}.elementor-widget-text-editor:not(.elementor-drop-cap-view-default) .elementor-drop-cap-letter{width:1em;height:1em}.elementor-widget-text-editor .elementor-drop-cap{float:left;text-align:center;line-height:1;font-size:50px}.elementor-widget-text-editor .elementor-drop-cap-letter{display:inline-block}<\/style>\t\t\t\t<p>Op 10 augustus 2023 is de Stichting BuitenGewoon formeel opgericht.&nbsp;<span style=\"font-size: 13px; color: var( --e-global-color-text ); text-align: var(--text-align);\">De oprichtingsstatuten van deze Stichting zijn via de link \u201coprichtingsstatuten\u201d op deze website te downloaden.<\/span><\/p>\n<p><span style=\"font-size: 13px; color: var( --e-global-color-text ); text-align: var(--text-align);\">De oprichters zijn Onno Blok (voorzitter), Helma Krijger (secretaris) en Jan Pooy\u00e9&nbsp; (penningmeester). Onno is ouder van \u00e9\u00e9n van de toekomstige bewoners van het woon-zorgcomplex.&nbsp; Helma en Jan zijn geen ouder van een toekomstige bewoner maar zijn beiden inwoners van Baarle-Nassau, die door het Ouderinitiatief zijn aangezocht vanwege hun expertise en ervaring &nbsp;(juridisch en financieel).<\/span><\/p>\n<p><span style=\"font-size: 13px; color: var( --e-global-color-text ); text-align: var(--text-align);\">De bestuursleden ontvangen geen vergoeding voor hun werkzaamheden, alles is dus vrijwilligerswerk.&nbsp; Bij eventuele liquidatie van de Stichting vloeit een eventueel batig saldo terug naar het doel waarvoor de Stichting is opgericht. Dit is allemaal vastgelegd in de statuten, die via een link op deze website zijn in te zien.<\/span><\/p>\n<p><span data-olk-copy-source=\"MessageBody\">Per 1 november 2025 is het woonzorgcomplex in gebruik genomen. Conform de statuten zijn Jan Pooye, Helma Krijger en Joost van Wijk als bestuurders zijn afgetreden. Het bestuur bestaat nu uit Onno Blok (voorzitter), Hans Meijer (penningmeester) en Nancy Verhof (bestuurslid). Het stichtingbestuur zal uiteindelijk uit 5 personen bestaan, waarvan drie ouders zijn en twee nadrukkelijk geen ouders zijn.&nbsp;<\/span><span style=\"font-size: 13px;\">De ouders blijven dus altijd de meerderheid van stemmen behouden. Alle bestuursleden voldoen verder aan de zgn. integriteitsvereisten.<\/span><\/p>\n<p>De Oudervereniging stelt de begroting van de Stichting vast en keurt de jaarrekening van de Stichting goed.&nbsp; Zodoende blijft de uiteindelijke verantwoordelijkheid altijd bij de ouders\/verzorgers van de bewoners.&nbsp; Daarnaast wordt de boekhouding en jaarrekening gecontroleerd door een extern financieel deskundige.<\/p>\n<p>Dat alles is een verplichting die voortvloeit uit de Wet Toezicht Zorg Aanbieders, (Wtza), maar door het toevoegen van een tweetal niet-ouders&nbsp; blijft ook de \u201czakelijke\u201d aanpak van de exploitatie gewaarborgd.<\/p>\n<p>Het organogram van de organisatie BuitenGewoon ziet er als volgt uit:<\/p>\t\t\t\t\t\t<\/div>\n\t\t\t\t<\/div>\n\t\t\t\t\t<\/div>\n\t\t\t\t<\/div>\n\t\t<div class=\"elementor-element elementor-element-d98b1e4 e-flex e-con-boxed e-con e-parent\" data-id=\"d98b1e4\" data-element_type=\"container\">\n\t\t\t\t\t<div class=\"e-con-inner\">\n\t\t\t\t<div class=\"elementor-element elementor-element-fa9cffc elementor-widget elementor-widget-image\" data-id=\"fa9cffc\" data-element_type=\"widget\" data-widget_type=\"image.default\">\n\t\t\t\t<div class=\"elementor-widget-container\">\n\t\t\t<style>\/*! elementor - v3.22.0 - 26-06-2024 *\/\n.elementor-widget-image{text-align:center}.elementor-widget-image a{display:inline-block}.elementor-widget-image a img[src$=\".svg\"]{width:48px}.elementor-widget-image img{vertical-align:middle;display:inline-block}<\/style>\t\t\t\t\t\t\t\t\t\t<img fetchpriority=\"high\" decoding=\"async\" width=\"720\" height=\"408\" src=\"https:\/\/stichtingbuitengewoonbaarle.eu\/wp-content\/uploads\/2024\/07\/organogram-buitengewoon-1024x580.jpg\" class=\"attachment-large size-large wp-image-4941\" alt=\"\" srcset=\"https:\/\/stichtingbuitengewoonbaarle.eu\/wp-content\/uploads\/2024\/07\/organogram-buitengewoon-1024x580.jpg 1024w, https:\/\/stichtingbuitengewoonbaarle.eu\/wp-content\/uploads\/2024\/07\/organogram-buitengewoon-300x170.jpg 300w, https:\/\/stichtingbuitengewoonbaarle.eu\/wp-content\/uploads\/2024\/07\/organogram-buitengewoon-768x435.jpg 768w, https:\/\/stichtingbuitengewoonbaarle.eu\/wp-content\/uploads\/2024\/07\/organogram-buitengewoon.jpg 1281w\" sizes=\"(max-width: 720px) 100vw, 720px\" \/>\t\t\t\t\t\t\t\t\t\t\t\t\t<\/div>\n\t\t\t\t<\/div>\n\t\t\t\t\t<\/div>\n\t\t\t\t<\/div>\n\t\t<div class=\"elementor-element elementor-element-fe1359e e-flex e-con-boxed e-con e-parent\" data-id=\"fe1359e\" data-element_type=\"container\">\n\t\t\t\t\t<div class=\"e-con-inner\">\n\t\t\t\t<div class=\"elementor-element elementor-element-5c8ee46 elementor-widget elementor-widget-text-editor\" data-id=\"5c8ee46\" data-element_type=\"widget\" data-widget_type=\"text-editor.default\">\n\t\t\t\t<div class=\"elementor-widget-container\">\n\t\t\t\t\t\t\t<p>De doelstelling van de Stichting bestaat &#8211; in begrijpelijke taal vertaald &#8211; uit twee stappen, te weten:<\/p><ol><li>Het bewerkstelligen van de realisatie van een woon-zorgcomplex voor jongeren met een beperking met 24\/7 zorg te Baarle-Nassau en<\/li><li>Het exploiteren na realisatie van het woon-zorgcomplex voor jongeren met een beperking met 24\/7 zorg te Baarle-Nassau.<\/li><\/ol><p>Alle activiteiten (90% eis) staan dus in het belang van het realiseren en in stand houden van een woon-zorgcomplex voor jongeren met een beperking.<\/p>\t\t\t\t\t\t<\/div>\n\t\t\t\t<\/div>\n\t\t\t\t\t<\/div>\n\t\t\t\t<\/div>\n\t\t\t\t<\/div>\n\t\t","protected":false},"excerpt":{"rendered":"<p>Op 10 augustus 2023 is de Stichting BuitenGewoon formeel opgericht.&nbsp;De oprichtingsstatuten van deze Stichting zijn via de link \u201coprichtingsstatuten\u201d op deze website te downloaden. De oprichters zijn Onno Blok (voorzitter), Helma Krijger (secretaris) en Jan Pooy\u00e9&nbsp; (penningmeester). Onno is ouder van \u00e9\u00e9n van de toekomstige bewoners van het woon-zorgcomplex.&nbsp; Helma en Jan zijn geen ouder [&hellip;]<\/p>\n","protected":false},"author":1,"featured_media":0,"parent":0,"menu_order":0,"comment_status":"closed","ping_status":"closed","template":"","meta":{"footnotes":""},"class_list":["post-4815","page","type-page","status-publish","hentry","post"],"_links":{"self":[{"href":"https:\/\/stichtingbuitengewoonbaarle.eu\/index.php?rest_route=\/wp\/v2\/pages\/4815","targetHints":{"allow":["GET"]}}],"collection":[{"href":"https:\/\/stichtingbuitengewoonbaarle.eu\/index.php?rest_route=\/wp\/v2\/pages"}],"about":[{"href":"https:\/\/stichtingbuitengewoonbaarle.eu\/index.php?rest_route=\/wp\/v2\/types\/page"}],"author":[{"embeddable":true,"href":"https:\/\/stichtingbuitengewoonbaarle.eu\/index.php?rest_route=\/wp\/v2\/users\/1"}],"replies":[{"embeddable":true,"href":"https:\/\/stichtingbuitengewoonbaarle.eu\/index.php?rest_route=%2Fwp%2Fv2%2Fcomments&post=4815"}],"version-history":[{"count":28,"href":"https:\/\/stichtingbuitengewoonbaarle.eu\/index.php?rest_route=\/wp\/v2\/pages\/4815\/revisions"}],"predecessor-version":[{"id":4986,"href":"https:\/\/stichtingbuitengewoonbaarle.eu\/index.php?rest_route=\/wp\/v2\/pages\/4815\/revisions\/4986"}],"wp:attachment":[{"href":"https:\/\/stichtingbuitengewoonbaarle.eu\/index.php?rest_route=%2Fwp%2Fv2%2Fmedia&parent=4815"}],"curies":[{"name":"wp","href":"https:\/\/api.w.org\/{rel}","templated":true}]}}